 + 1812?
1808
In base 8, what is 2 + -5256042?
-5256040
In base 7, what is -5026 - -244?
-4452
In base 3, what is -202112122012 + -11?
-202112122100
In base 9, what is 12836 + 313?
13250
In base 16, what is -2156 - 9?
-215f
In base 16, what is 95 + 494?
529
In base 16, what is -a3 - 1bb?
-25e
In base 7, what is -1422 - 21?
-1443
In base 6, what is 1154 - -210?
1404
In base 2, what is -11 + 1001110110001011001?
1001110110001010110
In base 7, what is -2 + -60334?
-60336
In base 12, what is 2 + 687266?
687268
In base 16, what is -8dcf + 17?
-8db8
In base 6, what is -1323 - -233?
-1050
In base 16, what is -16990 - -d?
-16983
In base 6, what is 12 - 15402?
-15350
In base 5, what is -1003420 + 0?
-1003420
In base 15, what is 56 - -4242?
4298
In base 16, what is -132e7 - 4?
-132eb
In base 15, what is 88 + -616?
-57d
In base 4, what is 1 + 32000301?
32000302
In base 11, what is 57aa + 65?
5864
In base 2, what is -110001010 + 101011101?
-101101
In base 5, what is -200200 + 12?
-200133
In base 13, what is 37 + -b96b?
-b934
In base 15, what is 3 + 11d76?
11d79
In base 8, what is -40077 - -6?
-40071
In base 2, what is -1 + 110001111110000?
110001111101111
In base 11, what is -a9636 - 4?
-a963a
In base 12, what is -2b609b6 - 5?
-2b609bb
In base 5, what is -10324 + -1312?
-12141
In base 5, what is -114341 - 24?
-114420
In base 9, what is 15208 - 55?
15143
In base 16, what is -3 + -ff64?
-ff67
In base 5, what is 2102011 - 20?
2101441
In base 14, what is 15 + 38a8?
38bd
In base 11, what is -2a9 + 13?
-296
In base 16, what is -11ca - -15?
-11b5
In base 11, what is -3948 - 4?
-3951
In base 15, what is 46 - 324?
-2cd
In base 16, what is 6 + -2c36?
-2c30
In base 5, what is -44201300 - 3?
-44201303
In base 7, what is -2 + 510102?
510100
In base 6, what is 143 + -22512?
-22325
In base 16, what is 9abb + -3?
9ab8
In base 14, what is 7 - 6b7?
-6b0
In base 10, what is 3 - 106724?
-106721
In base 7, what is -232 - -134023?
133461
In base 2, what is 1100011 - -10010001?
11110100
In base 2, what is -110101000011 - 10011?
-110101010110
In base 13, what is -1c751 + -2?
-1c753
In base 3, what is 2201121022 - -11?
2201121110
In base 16, what is 1 - 4f1c?
-4f1b
In base 4, what is -321311 + 1011?
-320300
In base 10, what is -5 - 56331?
-56336
In base 11, what is -2 - 8057?
-8059
In base 5, what is 0 - -13101211?
13101211
In base 11, what is 54631 - 4?
54628
In base 13, what is -3 - 16229?
-1622c
In base 16, what is 0 - -2b39?
2b39
In base 13, what is b2b63 + 4?
b2b67
In base 7, what is -124 - 526023?
-526150
In base 15, what is -bada - -3?
-bad7
In base 12, what is -a + -5188?
-5196
In base 12, what is -1603 - 3?
-1606
In base 9, what is -7 - -45735?
45727
In base 4, what is -10023021 - -2?
-10023013
In base 3, what is 2 + -22110210012?
-22110210010
In base 4, what is -10 - 321313113?
-321313123
In base 12, what is 20b22 - -3?
20b25
In base 12, what is -98b5 + -55?
-994a
In base 16, what is 73ad + 5?
73b2
In base 15, what is -3 + -18d89?
-18d8c
In base 14, what is -3 - -286b9?
286b6
In base 7, what is 1100030 + -4?
1100023
In base 9, what is -4 - 175781?
-175785
In base 13, what is 3a159 - c?
3a14a
In base 10, what is 1 - -115538?
115539
In base 15, what is 26 + -4c2?
-49b
In base 11, what is -6313a - 4?
-63143
In base 6, what is 4541310 - 1?
4541305
In base 12, what is 3 - a8942?
-a893b
In base 10, what is -22495 - -1?
-22494
In base 12, what is 711 + 12?
723
In base 11, what is -5 + 221568?
221563
In base 7, what is -2142 + -144?
-2316
In base 15, what is 113b + -9?
1132
In base 8, what is 4 + 5604?
5610
In base 3, what is 222121102201 + -1?
222121102200
In base 11, what is 29a2 - 3?
299a
In base 2, what is 11 - -1100010111101001?
1100010111101100
In base 8, what is -133 - -77?
-34
In base 16, what is 1 - cb3?
-cb2
In base 11, what is -39765 + -5?
-3976a
In base 14, what is ac939 - 2?
ac937
In base 7, what is 205241 - -22?
205263
In base 4, what is -3 + 1000130103?
1000130100
In base 15, what is -522b + -34?
-5260
In base 16, what is -5 + 1a3e1?
1a3dc
In base 4, what is 2232321 - -10?
2232331
In base 5, what is 22404020 - 2?
22404013
In base 9, what is 20 - 5158?
-5138
In base 7, what is 10362 - -52?
10444
In base 8, what is 0 + -37270?
-37270
In base 5, what is -110 - -30?
-30
In base 2, what is 11010 + -1111000110?
-1110101100
In base 6, what is 12530 - -42?
13012
In base 12, what is 24158 - -2?
2415a
In base 9, what is 2 - -13626?
13628
In base 3, what is 1101201001211 + -1?
1101201001210
In base 7, what is -30224 + -13?
-30240
In base 6, what is 3 - 204135?
-204132
In base 6, what is -5 - 14403515?
-14403524
In base 5, what is -132 + 114414?
114232
In base 10, what is 31178 - 2?
31176
In base 9, what is 6 - 34034?
-34027
In base 14, what is 3d741 - -5?
3d746
In base 12, what is -31 - 237?
-268
In base 3, what is 120100101 + 10002?
120110110
In base 8, what is 2 + -1375123?
-1375121
In base 9, what is 163716 - 3?
163713
In base 5, what is 0 + 1211334?
1211334
In base 12, what is -117b75 - -1?
-117b74
In base 10, what is 33628 + -4?
33624
In base 10, what is 11 - 328?
-317
In base 2, what is 1011101111110000 - -10?
1011101111110010
In base 16, what is -133 - -18f1?
17be
In base 9, what is -722 + 31?
-681
In base 16, what is 203 - 56?
1ad
In base 15, what is -5 + -6db?
-6e1
In base 6, what is 0 - 421404?
-421404
In base 13, what is -3 + -7855?
-7858
In base 2, what is 1 - 100101001111000?
-100101001110111
In base 6, what is -33312 + 13?
-33255
In base 3, what is -122 - 10100111211?
-10100112110
In base 7, what is 1136 + -20441?
-16302
In base 16, what is -5 - fef7?
-fefc
In base 9, what is -31537 + 2?
-31535
In base 8, what is 6543 - -44?
6607
In base 9, what is -5 - 325031?
-325036
In base 9, what is -4 + -455743?
-455747
In base 9, what is 55 + 114?
170
In base 3, what is -220 - -221200?
220210
In base 16, what is -2f5 - -9?
-2ec
In base 16, what is -2a87 + -52?
-2ad9
In base 16, what is -5 + -36555?
-3655a
In base 12, what is -22 + -5726?
-5748
In base 15, what is 4 - 6142?
-613d
In base 12, what is 552 + 1063?
15b5
In base 5, what is 3313 + 2?
3320
In base 9, what is -162 + -20?
-182
In base 13, what is -5 + -130c59?
-130c61
In base 16, what is -4d1b + -4?
-4d1f
In base 15, what is 13541 + 5?
13546
In base 15, what is a63 - bb?
997
In base 10, what is 96 + -126?
-30
In base 5, what is -3004402 - 104?
-3010011
In base 5, what is 1 - 2432133?
-2432132
In base 3, what is -20112 + 110222?
20110
In base 3, what is -1 - 211101021202?
-211101021210
In base 9, what is 2 - -111376?
111378
In base 5, what is 14212022 + 1?
14212023
In base 6, what is -12110042 - -2?
-12110040
In base 3, what is -1222 - -11012?
2020
In base 6, what is -14342 - 12?
-14354
In base 11, what is 2 + -73409?
-73407
In base 16, what is -85d92 + 3?
-85d8f
In base 16, what is 0 + 1f6a?
1f6a
In base 6, what is -2 + 144255?
144253
In base 3, what is -210120110 - -11022?
-210102011
In base 4, what is -1221233 + -1033?
-1222332
In base 2, what is -10000 - -11110010?
11100010
In base 7, what is 303343 - -10?
303353
In base 15, what is -b478 - 8?
-b481
In base 7, what is -6 - -122525?
122516
In base 7, what is 1416465 + 3?
1416501
In base 14, what is -18 + -128?
-142
In base 14, what is 36a0 + 171?
3831
In base 11, what is 915 - -65?
97a
In base 5, what is -3013203 + 4?
-3013144
In base 10, what is 265 - 263?
2
In base 3, what is 212 + -220002211?
-220001222
In base 5, what is 23 + -1134320?
-1134242
In base 4, what is 3031202 + 11?
3031213
In base 14, what is 3 + -4994c?
-49949
In base 2, what is 110000010111001 - 11111010?
101111110111111
In base 5, what is 410 + 40313?
41223
In base 2, what is -1111111001101001110 + 1?
-1111111001101001101
In base 2, what is 101100001100011011 + 0?
101100001100011011
In base 10, what is -38 + -6857?
-6895
In base 11, what is 25 - 72310?
-72296
In base 3, what is 22011112010 + -11?
22011111222
In base 6, what is -421455540 - 4?
-421455544
In base 8, what is 13 + 4641?
4654
In base 9, what is -1 - 141182?
-141183
In base 2, what is -10011100011 - -110001?
-10010110010
In base 15, what is 1050 - 44?
100b
In base 7, what is -3 + -341331?
-341334
In base 6, what is 2230202 - 0?
2230202
In base 10, what is -959 - 31?
-990
In base 13, what is -4 - 4839?
-4840
In base 7, what is 